{"id":1718,"date":"2025-10-21T07:52:55","date_gmt":"2025-10-21T10:52:55","guid":{"rendered":"https:\/\/ugab.org.br\/site\/?page_id=1718"},"modified":"2025-10-21T08:22:18","modified_gmt":"2025-10-21T11:22:18","slug":"curso-jornalistas","status":"publish","type":"page","link":"https:\/\/ugab.org.br\/site\/curso-jornalistas\/","title":{"rendered":"CURSO"},"content":{"rendered":"\t\t<div data-elementor-type=\"wp-post\" data-elementor-id=\"1718\" class=\"elementor elementor-1718\" data-elementor-post-type=\"page\">\n\t\t\t\t\t\t<section class=\"wpr-jarallax elementor-section elementor-top-section elementor-element elementor-element-21343ee4 wpr-jarallax-yes elementor-section-boxed elementor-section-height-default elementor-section-height-default wpr-particle-no wpr-parallax-no wpr-sticky-section-no\" speed-data=\"1.4\" bg-image=\"https:\/\/ugab.org.br\/site\/wp-content\/plugins\/elementor\/assets\/images\/placeholder.png\" scroll-effect=\"scroll\" data-id=\"21343ee4\" data-element_type=\"section\" data-settings=\"{&quot;background_background&quot;:&quot;classic&quot;}\">\n\t\t\t\t\t\t<div class=\"elementor-container elementor-column-gap-no\">\n\t\t\t\t\t<div class=\"elementor-column elementor-col-100 elementor-top-column elementor-element elementor-element-575e38ca\" data-id=\"575e38ca\" data-element_type=\"column\">\n\t\t\t<div class=\"elementor-widget-wrap elementor-element-populated\">\n\t\t\t\t\t\t<div class=\"elementor-element elementor-element-903faf0 elementor-widget elementor-widget-heading\" data-id=\"903faf0\" data-element_type=\"widget\" data-widget_type=\"heading.default\">\n\t\t\t\t<div class=\"elementor-widget-container\">\n\t\t\t\t\t<h2 class=\"elementor-heading-title elementor-size-default\">NOSSA CULTURA \u00c9 O NOSSO PILAR<\/h2>\t\t\t\t<\/div>\n\t\t\t\t<\/div>\n\t\t\t\t<div class=\"elementor-element elementor-element-569d3cd elementor-widget elementor-widget-heading\" data-id=\"569d3cd\" data-element_type=\"widget\" data-widget_type=\"heading.default\">\n\t\t\t\t<div class=\"elementor-widget-container\">\n\t\t\t\t\t<h2 class=\"elementor-heading-title elementor-size-default\"><a href=\"https:\/\/ugab.org.br\/site\/artsakh\/\">PARTICIPE DE NOSSOS EVENTOS<\/a><\/h2>\t\t\t\t<\/div>\n\t\t\t\t<\/div>\n\t\t\t\t\t<\/div>\n\t\t<\/div>\n\t\t\t\t\t<\/div>\n\t\t<\/section>\n\t\t\t\t<section class=\"elementor-section elementor-top-section elementor-element elementor-element-377c704d elementor-section-boxed elementor-section-height-default elementor-section-height-default wpr-particle-no wpr-jarallax-no wpr-parallax-no wpr-sticky-section-no\" data-id=\"377c704d\" data-element_type=\"section\" data-settings=\"{&quot;background_background&quot;:&quot;classic&quot;}\">\n\t\t\t\t\t\t<div class=\"elementor-container elementor-column-gap-default\">\n\t\t\t\t\t<div class=\"elementor-column elementor-col-100 elementor-top-column elementor-element elementor-element-3b21469a\" data-id=\"3b21469a\" data-element_type=\"column\">\n\t\t\t<div class=\"elementor-widget-wrap elementor-element-populated\">\n\t\t\t\t\t\t<div class=\"elementor-element elementor-element-6d50f0ac elementor-widget elementor-widget-elementskit-heading\" data-id=\"6d50f0ac\" data-element_type=\"widget\" data-widget_type=\"elementskit-heading.default\">\n\t\t\t\t<div class=\"elementor-widget-container\">\n\t\t\t\t\t<div class=\"ekit-wid-con\" ><div class=\"ekit-heading elementskit-section-title-wraper text_center   ekit_heading_tablet-   ekit_heading_mobile-\"><h3 class=\"elementskit-section-subtitle  elementskit-style-border\">\n\t\t\t\t\t\tCURSO JORNALISTAS\n\t\t\t\t\t<\/h3><h2 class=\"ekit-heading--title elementskit-section-title \">Arm\u00eania: Pol\u00edtica, Hist\u00f3ria e Sociedade<\/h2><\/div><\/div>\t\t\t\t<\/div>\n\t\t\t\t<\/div>\n\t\t\t\t<section class=\"elementor-section elementor-inner-section elementor-element elementor-element-801533d elementor-section-boxed elementor-section-height-default elementor-section-height-default wpr-particle-no wpr-jarallax-no wpr-parallax-no wpr-sticky-section-no\" data-id=\"801533d\" data-element_type=\"section\">\n\t\t\t\t\t\t<div class=\"elementor-container elementor-column-gap-default\">\n\t\t\t\t\t<div class=\"elementor-column elementor-col-100 elementor-inner-column elementor-element elementor-element-b4e4bf8\" data-id=\"b4e4bf8\" data-element_type=\"column\">\n\t\t\t<div class=\"elementor-widget-wrap elementor-element-populated\">\n\t\t\t\t\t\t<div class=\"elementor-element elementor-element-2ff1019 elementor-widget elementor-widget-image\" data-id=\"2ff1019\" data-element_type=\"widget\" data-widget_type=\"image.default\">\n\t\t\t\t<div class=\"elementor-widget-container\">\n\t\t\t\t\t\t\t\t\t\t\t\t\t\t\t<img fetchpriority=\"high\" decoding=\"async\" width=\"800\" height=\"534\" src=\"https:\/\/ugab.org.br\/site\/wp-content\/uploads\/2025\/10\/agbu2023-1024x683.png\" class=\"attachment-large size-large wp-image-1723\" alt=\"\" srcset=\"https:\/\/ugab.org.br\/site\/wp-content\/uploads\/2025\/10\/agbu2023-1024x683.png 1024w, https:\/\/ugab.org.br\/site\/wp-content\/uploads\/2025\/10\/agbu2023-300x200.png 300w, https:\/\/ugab.org.br\/site\/wp-content\/uploads\/2025\/10\/agbu2023-768x512.png 768w, https:\/\/ugab.org.br\/site\/wp-content\/uploads\/2025\/10\/agbu2023-1536x1024.png 1536w, https:\/\/ugab.org.br\/site\/wp-content\/uploads\/2025\/10\/agbu2023.png 1918w\" sizes=\"(max-width: 800px) 100vw, 800px\" \/>\t\t\t\t\t\t\t\t\t\t\t\t\t\t\t<\/div>\n\t\t\t\t<\/div>\n\t\t\t\t<div class=\"elementor-element elementor-element-c795b65 elementor-widget elementor-widget-text-editor\" data-id=\"c795b65\" data-element_type=\"widget\" data-widget_type=\"text-editor.default\">\n\t\t\t\t<div class=\"elementor-widget-container\">\n\t\t\t\t\t\t\t\t\t<p>Jornalistas presentes no primeiro curso em 2023.<\/p>\t\t\t\t\t\t\t\t<\/div>\n\t\t\t\t<\/div>\n\t\t\t\t\t<\/div>\n\t\t<\/div>\n\t\t\t\t\t<\/div>\n\t\t<\/section>\n\t\t\t\t<section class=\"elementor-section elementor-inner-section elementor-element elementor-element-7403947c elementor-section-boxed elementor-section-height-default elementor-section-height-default wpr-particle-no wpr-jarallax-no wpr-parallax-no wpr-sticky-section-no\" data-id=\"7403947c\" data-element_type=\"section\">\n\t\t\t\t\t\t<div class=\"elementor-container elementor-column-gap-default\">\n\t\t\t\t\t<div class=\"elementor-column elementor-col-50 elementor-inner-column elementor-element elementor-element-754758c8\" data-id=\"754758c8\" data-element_type=\"column\">\n\t\t\t<div class=\"elementor-widget-wrap elementor-element-populated\">\n\t\t\t\t\t\t<div class=\"elementor-element elementor-element-963dd2f elementor-widget elementor-widget-text-editor\" data-id=\"963dd2f\" data-element_type=\"widget\" data-widget_type=\"text-editor.default\">\n\t\t\t\t<div class=\"elementor-widget-container\">\n\t\t\t\t\t\t\t\t\t<p><span style=\"font-weight: 400;\">Em virtude de sua localiza\u00e7\u00e3o geogr\u00e1fica e import\u00e2ncia estrat\u00e9gica, a Arm\u00eania \u00e9 um ator crucial na geopol\u00edtica mundial. Contudo, essa relev\u00e2ncia \u00e9 subestimada e pouco abordada no Brasil. Para cobrir essa lacuna hist\u00f3rica e garantir uma cobertura imparcial, verdadeira e aprofundada, a UGAB Brasil idealizou o curso \u201cArm\u00eania: Pol\u00edtica, Hist\u00f3ria e Sociedade.<\/span><\/p><p><span style=\"font-weight: 400;\">Desde sua primeira edi\u00e7\u00e3o em 2023, o curso tem como principal objetivo ampliar a visibilidade da Arm\u00eania no Brasil e promover um maior conhecimento entre jornalistas e formadores de opini\u00e3o dos principais meios de comunica\u00e7\u00e3o do pa\u00eds, especialmente aqueles com maior credibilidade em pol\u00edtica internacional. <\/span><\/p><p><span style=\"font-weight: 400;\">O curso \u00e9 realizado anualmente na Arm\u00eania, no m\u00eas de abril, de forma a coincidir\u00a0<\/span><\/p>\t\t\t\t\t\t\t\t<\/div>\n\t\t\t\t<\/div>\n\t\t\t\t\t<\/div>\n\t\t<\/div>\n\t\t\t\t<div class=\"elementor-column elementor-col-50 elementor-inner-column elementor-element elementor-element-0c5d1c7\" data-id=\"0c5d1c7\" data-element_type=\"column\">\n\t\t\t<div class=\"elementor-widget-wrap elementor-element-populated\">\n\t\t\t\t\t\t<div class=\"elementor-element elementor-element-af4ad43 elementor-widget elementor-widget-text-editor\" data-id=\"af4ad43\" data-element_type=\"widget\" data-widget_type=\"text-editor.default\">\n\t\t\t\t<div class=\"elementor-widget-container\">\n\t\t\t\t\t\t\t\t\t<p><span style=\"font-weight: 400;\">com a simb\u00f3lica data de 24 de abril, o Dia de Rememora\u00e7\u00e3o do Genoc\u00eddio Arm\u00eanio.<\/span><\/p><p><span style=\"font-weight: 400;\">No pa\u00eds, os profissionais participantes adquirem panorama abrangente da diversidade arm\u00eania, de sua hist\u00f3ria, pol\u00edtica, sociedade e da geopol\u00edtica da regi\u00e3o, por meio de aulas, encontros com pessoas-chave, entrevistas e viagens tur\u00edsticas.<\/span><\/p><p><span style=\"font-weight: 400;\">A iniciativa visa, tamb\u00e9m, fortalecer o relacionamento com a m\u00eddia brasileira, incentivando uma cobertura mais qualificada e estimulando a cria\u00e7\u00e3o de pautas relevantes sobre a regi\u00e3o, tanto no contexto atual quanto em suas perspectivas futuras. Com tr\u00eas edi\u00e7\u00f5es de sucesso j\u00e1 realizadas \u2013 totalizando 14 profissionais no pa\u00eds \u2013 e a quarta prevista para 2026, o curso se consolida como a principal plataforma de acesso da m\u00eddia brasileira \u00e0 realidade arm\u00eania.<\/span><\/p>\t\t\t\t\t\t\t\t<\/div>\n\t\t\t\t<\/div>\n\t\t\t\t<div class=\"elementor-element elementor-element-e4bbcab elementor-widget elementor-widget-spacer\" data-id=\"e4bbcab\" data-element_type=\"widget\" data-widget_type=\"spacer.default\">\n\t\t\t\t<div class=\"elementor-widget-container\">\n\t\t\t\t\t\t\t<div class=\"elementor-spacer\">\n\t\t\t<div class=\"elementor-spacer-inner\"><\/div>\n\t\t<\/div>\n\t\t\t\t\t\t<\/div>\n\t\t\t\t<\/div>\n\t\t\t\t\t<\/div>\n\t\t<\/div>\n\t\t\t\t\t<\/div>\n\t\t<\/section>\n\t\t\t\t<section class=\"elementor-section elementor-inner-section elementor-element elementor-element-c6d6cca elementor-section-boxed elementor-section-height-default elementor-section-height-default wpr-particle-no wpr-jarallax-no wpr-parallax-no wpr-sticky-section-no\" data-id=\"c6d6cca\" data-element_type=\"section\">\n\t\t\t\t\t\t<div class=\"elementor-container elementor-column-gap-default\">\n\t\t\t\t\t<div class=\"elementor-column elementor-col-50 elementor-inner-column elementor-element elementor-element-6f230ab\" data-id=\"6f230ab\" data-element_type=\"column\">\n\t\t\t<div class=\"elementor-widget-wrap elementor-element-populated\">\n\t\t\t\t\t\t<div class=\"elementor-element elementor-element-9b9b0c1 elementor-widget elementor-widget-image\" data-id=\"9b9b0c1\" data-element_type=\"widget\" data-widget_type=\"image.default\">\n\t\t\t\t<div class=\"elementor-widget-container\">\n\t\t\t\t\t\t\t\t\t\t\t\t\t\t\t<img decoding=\"async\" width=\"685\" height=\"369\" src=\"https:\/\/ugab.org.br\/site\/wp-content\/uploads\/2025\/10\/2024.png\" class=\"attachment-large size-large wp-image-1725\" alt=\"\" srcset=\"https:\/\/ugab.org.br\/site\/wp-content\/uploads\/2025\/10\/2024.png 685w, https:\/\/ugab.org.br\/site\/wp-content\/uploads\/2025\/10\/2024-300x162.png 300w\" sizes=\"(max-width: 685px) 100vw, 685px\" \/>\t\t\t\t\t\t\t\t\t\t\t\t\t\t\t<\/div>\n\t\t\t\t<\/div>\n\t\t\t\t<div class=\"elementor-element elementor-element-71c3563 elementor-widget elementor-widget-text-editor\" data-id=\"71c3563\" data-element_type=\"widget\" data-widget_type=\"text-editor.default\">\n\t\t\t\t<div class=\"elementor-widget-container\">\n\t\t\t\t\t\t\t\t\t<p>Jornalistas presentes na edi\u00e7\u00e3o de 2024.<\/p>\t\t\t\t\t\t\t\t<\/div>\n\t\t\t\t<\/div>\n\t\t\t\t\t<\/div>\n\t\t<\/div>\n\t\t\t\t<div class=\"elementor-column elementor-col-50 elementor-inner-column elementor-element elementor-element-9a8fbde\" data-id=\"9a8fbde\" data-element_type=\"column\">\n\t\t\t<div class=\"elementor-widget-wrap elementor-element-populated\">\n\t\t\t\t\t\t<div class=\"elementor-element elementor-element-4a1549d elementor-widget elementor-widget-image\" data-id=\"4a1549d\" data-element_type=\"widget\" data-widget_type=\"image.default\">\n\t\t\t\t<div class=\"elementor-widget-container\">\n\t\t\t\t\t\t\t\t\t\t\t\t\t\t\t<img decoding=\"async\" width=\"686\" height=\"369\" src=\"https:\/\/ugab.org.br\/site\/wp-content\/uploads\/2025\/10\/2025.png\" class=\"attachment-large size-large wp-image-1726\" alt=\"\" srcset=\"https:\/\/ugab.org.br\/site\/wp-content\/uploads\/2025\/10\/2025.png 686w, https:\/\/ugab.org.br\/site\/wp-content\/uploads\/2025\/10\/2025-300x161.png 300w\" sizes=\"(max-width: 686px) 100vw, 686px\" \/>\t\t\t\t\t\t\t\t\t\t\t\t\t\t\t<\/div>\n\t\t\t\t<\/div>\n\t\t\t\t<div class=\"elementor-element elementor-element-2e3025a elementor-widget elementor-widget-text-editor\" data-id=\"2e3025a\" data-element_type=\"widget\" data-widget_type=\"text-editor.default\">\n\t\t\t\t<div class=\"elementor-widget-container\">\n\t\t\t\t\t\t\t\t\t<p>Jornalistas que participaram da edi\u00e7\u00e3o mais atual em 2025.<\/p>\t\t\t\t\t\t\t\t<\/div>\n\t\t\t\t<\/div>\n\t\t\t\t\t<\/div>\n\t\t<\/div>\n\t\t\t\t\t<\/div>\n\t\t<\/section>\n\t\t\t\t\t<\/div>\n\t\t<\/div>\n\t\t\t\t\t<\/div>\n\t\t<\/section>\n\t\t\t\t<\/div>\n\t\t","protected":false},"excerpt":{"rendered":"<p>NOSSA CULTURA \u00c9 O NOSSO PILAR PARTICIPE DE NOSSOS EVENTOS CURSO JORNALISTAS Arm\u00eania: Pol\u00edtica, Hist\u00f3ria e Sociedade Jornalistas presentes no primeiro curso em 2023. Em virtude de sua localiza\u00e7\u00e3o geogr\u00e1fica e import\u00e2ncia estrat\u00e9gica, a Arm\u00eania \u00e9 um ator crucial na geopol\u00edtica mundial. Contudo, essa relev\u00e2ncia \u00e9 subestimada e pouco abordada no Brasil. Para cobrir essa lacuna hist\u00f3rica e garantir uma cobertura imparcial, verdadeira e aprofundada, a UGAB Brasil idealizou o curso \u201cArm\u00eania: Pol\u00edtica, Hist\u00f3ria e Sociedade. Desde sua primeira edi\u00e7\u00e3o em 2023, o curso tem como principal objetivo ampliar a visibilidade da Arm\u00eania no Brasil e promover um maior conhecimento entre jornalistas e formadores de opini\u00e3o dos principais meios de comunica\u00e7\u00e3o do pa\u00eds, especialmente aqueles com maior credibilidade em pol\u00edtica internacional. O curso \u00e9 realizado anualmente na Arm\u00eania, no m\u00eas de abril, de forma a coincidir\u00a0 com a simb\u00f3lica data de 24 de abril, o Dia de Rememora\u00e7\u00e3o do Genoc\u00eddio Arm\u00eanio. No pa\u00eds, os profissionais participantes adquirem panorama abrangente da diversidade arm\u00eania, de sua hist\u00f3ria, pol\u00edtica, sociedade e da geopol\u00edtica da regi\u00e3o, por meio de aulas, encontros com pessoas-chave, entrevistas e viagens tur\u00edsticas. A iniciativa visa, tamb\u00e9m, fortalecer o relacionamento com a m\u00eddia brasileira, incentivando uma cobertura mais qualificada e estimulando a cria\u00e7\u00e3o de pautas relevantes sobre a regi\u00e3o, tanto no contexto atual quanto em suas perspectivas futuras. Com tr\u00eas edi\u00e7\u00f5es de sucesso j\u00e1 realizadas \u2013 totalizando 14 profissionais no pa\u00eds \u2013 e a quarta prevista para 2026, o curso se consolida como a principal plataforma de acesso da m\u00eddia brasileira \u00e0 realidade arm\u00eania. Jornalistas presentes na edi\u00e7\u00e3o de 2024. Jornalistas que participaram da edi\u00e7\u00e3o mais atual em 2025.<\/p>\n","protected":false},"author":1,"featured_media":0,"parent":0,"menu_order":0,"comment_status":"closed","ping_status":"closed","template":"","meta":{"_joinchat":[],"footnotes":""},"class_list":["post-1718","page","type-page","status-publish","hentry"],"_links":{"self":[{"href":"https:\/\/ugab.org.br\/site\/wp-json\/wp\/v2\/pages\/1718","targetHints":{"allow":["GET"]}}],"collection":[{"href":"https:\/\/ugab.org.br\/site\/wp-json\/wp\/v2\/pages"}],"about":[{"href":"https:\/\/ugab.org.br\/site\/wp-json\/wp\/v2\/types\/page"}],"author":[{"embeddable":true,"href":"https:\/\/ugab.org.br\/site\/wp-json\/wp\/v2\/users\/1"}],"replies":[{"embeddable":true,"href":"https:\/\/ugab.org.br\/site\/wp-json\/wp\/v2\/comments?post=1718"}],"version-history":[{"count":13,"href":"https:\/\/ugab.org.br\/site\/wp-json\/wp\/v2\/pages\/1718\/revisions"}],"predecessor-version":[{"id":1739,"href":"https:\/\/ugab.org.br\/site\/wp-json\/wp\/v2\/pages\/1718\/revisions\/1739"}],"wp:attachment":[{"href":"https:\/\/ugab.org.br\/site\/wp-json\/wp\/v2\/media?parent=1718"}],"curies":[{"name":"wp","href":"https:\/\/api.w.org\/{rel}","templated":true}]}}